2328)/(-1746)*(0 - -132) is divided by k?
8
Suppose -194*w = 102*w - 127280. Let t(p) = 23*p**2 + 3*p + 1. What is the remainder when w is divided by t(-2)?
82
Suppose -261 = 14*f - 23*f. Suppose 4*s + 22 = 3*q, 2*s = -5*q + s + f. Suppose -300 = -0*y - q*y. Calculate the remainder when y is divided by 13.
11
Let z = 337 - -222. Let b = z - 556. Calculate the remainder when 5 is divided by b.
2
Suppose -5991 - 7778 = -84*q + 2611. Calculate the remainder when 398 is divided by q.
8
Calculate the remainder when 4880 is divided by (21 - 24)/((2/(-40))/(15/30)).
20
Suppose -2*k + 235 = 5*r, 7*r - 5*r = -3*k + 380. Suppose k = b - x, -b = 2*x - 43 - 78. What is the remainder when b is divided by 50?
27
Suppose 3*i - 41 = -4*n, 5*i + 1 = n + 8. Let b = 105 + -74. What is the remainder when b is divided by n?
7
Let h = -4285 - -4733. Calculate the remainder when h is divided by 139.
31
Let d(i) = -i**3 - 2*i**2 + 9*i - 5. Calculate the remainder when 4145 is divided by d(-5).
20
Let a(n) be the third derivative of 5*n**4/24 + 11*n**3/3 - 10*n**2. Calculate the remainder when 47 is divided by a(0).
3
Let v(y) = y**2 + y - 8. Calculate the remainder when 108 - ((-14986)/531 - 6/(-27)) is divided by v(-6).
4
Suppose -1050 = 149*m - 22804. What is the remainder when 152 is divided by m?
6
Let y = 2978 - 1330. What is the remainder when y is divided by 87?
82
Let x(b) = -6*b**2 + 60*b - 15. Calculate the remainder when 261 is divided by x(9).
27
Suppose 5*d - 11*d = -438. Suppose -154 = -2*x - 5*p, -259 - d = -4*x + 2*p. What is the remainder when x is divided by 15?
7
Suppose 4*k + 6 = -n + 112, 5*k - n = 128. Let b(w) = w**3 + 2*w**2 - 2*w - 1. Let m be b(-3). Calculate the remainder when k is divided by (m/12)/(2/(-48)).
2
Let x = 1238 - 821. Calculate the remainder when 723 is divided by x.
306
Suppose 1575 = q + 41*b - 40*b, -5*q + 7863 = 8*b. Calculate the remainder when q is divided by 24.
19
Let s(l) = -l**3 + 7*l**2 + 7*l - 4. What is the remainder when s(7) is divided by 468/234 + 0/(1 + -3)?
1
Let d(c) = 2*c**3 - 19*c**2 + 82. Calculate the remainder when 458 is divided by d(9).
0
Let i = -548 - -606. What is the remainder when 341 is divided by i?
51
Calculate the remainder when 338 is divided by (116 - 117)/(2/(-76)).
34
Let x = 8706 - 8689. Calculate the remainder when 576 is divided by x.
15
Let b(t) = -7*t - 40. Let g be b(-6). Suppose 6*w - 40 = g*w. What is the remainder when 36 is divided by w?
6
Let w = 100 + -81. Suppose -5*f + 4*t + 698 = 0, -2*f + 3*t + 470 - 188 = 0. Let g = f - 74. What is the remainder when g is divided by w?
7
Suppose -52*t + 41*t + 638 = 0. Suppose 0 = -x - 5*i - 4 + 3, 5*i = 3*x - 37. What is the remainder when t is divided by (-31)/(-3) + (-3)/x?
8
Let d(b) = -2*b + 8. Let y be d(3). Let n(m) = -45*m - 2. Let t be n(y). Let s = 155 + t. Calculate the remainder when s is divided by 11.
8
Let u(x) = 84*x - 382. What is the remainder when u(21) is divided by 21?
17
Let d(w) = 107*w**2 + 4*w + 42. What is the remainder when d(-2) is divided by 101?
58
Suppose -128*u - 303*u = -64*u - 107531. Let j(c) = 18*c**2 + c. What is the remainder when u is divided by j(2)?
71
Let c = -48 - -50. Suppose c*a = 5*q - a - 95, 3*q + 5*a = 57. Let i(f) = -f**2 - 4*f + 8. Calculate the remainder when q is divided by i(-4).
3
Let b(d) = 10*d**3 - 8*d**2 + 11*d + 3. Calculate the remainder when b(5) is divided by 162.
136
Let y(f) = -12*f**2 + 24*f - 5. Calculate the remainder when 52 is divided by y(1).
3
Suppose -104*w = -115*w + 1628. Calculate the remainder when w is divided by 47.
7
Suppose 0 = -24*s + 26*s - 262. Suppose 4*m + s = 3*u, -u - 6*m = -2*m - 49. What is the remainder when u is divided by -12*3/((-18)/4)?
5
Suppose -4*n = 2*l + 62 - 198, 5*n + 337 = 4*l. Suppose -x - g = 3*g - l, 217 = 3*x - 5*g. Let f = -60 + x. What is the remainder when 26 is divided by f?
12
Suppose -64 = -2*t - 4*i, -10*t + 5*t + 3*i = -199. Calculate the remainder when 848 is divided by t.
12
Calculate the remainder when 5917 is divided by -282*16/(384/(-12)).
136
Suppose -5*c + 2*h = 373 - 1057, -674 = -5*c - 3*h. Calculate the remainder when 678 is divided by c.
134
Let n = 402 + -454. What is the remainder when 50 is divided by n*(204/16)/(-17)?
11
Let j(x) = x**3 + 10*x**2 - 10*x - 206. What is the remainder when 218 is divided by j(-7)?
9
Suppose -5*z + 64 = -46. Suppose 3*u = 2*l + 81, -3*l - 6 + 55 = u. Calculate the remainder when u is divided by z.
9
Let c(o) = -2*o**3 - 19*o**2 + 5*o - 7. Suppose 4*g - 2036 + 336 = 0. What is the remainder when g is divided by c(-10)?
38
Suppose 94*n - 86*n + 44116 = 277*n. What is the remainder when 643 is divided by n?
151
Let i = -209 - -211. What is the remainder when (24/(-14))/(1/(-7)) is divided by -1 - (-23)/6 - i/(-12)?
0
Let g = 17786 - 17781. Let t(p) = p - 3. Suppose 4*m - 11 = 9. Calculate the remainder when g is divided by t(m).
1
Let t be (183 + -2)*(0/(-4) + 2). Suppose 305 + t = 23*i. What is the remainder when 130 is divided by i?
14
Let m be 74 + -4 + 4 + -4 + -2. Let k be m/(-51) - 13/(-3). What is the remainder when 61 is divided by k/8 + 5880/192?
30
Let l = 13 - -9. Let w be 187/l*1*-2. Let z = w + 37. What is the remainder when z is divided by 7?
6
Let k be (-49)/(-17) + 9/(-153)*-2. Suppose -2*s = k*s - h - 444, 3*s - 244 = -5*h. Calculate the remainder when s is divided by 15.
13
Let k = -176 + 269. Suppose -2357*d - 100 = -2362*d. What is the remainder when k is divided by d?
13
Suppose -12*k - 748 = -9100. Calculate the remainder when k is divided by 7.
3
Suppose 0 = 2*z - 3*n - 1194 + 1105, 132 = 3*z - 4*n. What is the remainder when 2274 is divided by z?
34
Suppose 36*p - 14593 - 31405 = -73*p. What is the remainder when 853 is divided by p?
9
Suppose -5*m = -p + 579, 2*p + 3*p + 5 = 0. Let d = 42 - m. Suppose -11 = 3*s - d. Calculate the remainder when s is divided by 18.
13
Suppose 2*v = -h + 180, -4*h = 4*v - 7*h - 340. Let c = 341 + -328. Calculate the remainder when v is divided by c.
10
Let q = 10080 + -10041. What is the remainder when 462 is divided by q?
33
Let b = -12134 + 12369. What is the remainder when b is divided by 101?
33
Let l(b) = -56*b + 1379. Calculate the remainder when l(21) is divided by 54.
41
Let w = -16400 - -36085. Calculate the remainder when w is divided by 193.
192
Let z(j) = 4*j**2 - 7*j + 3*j**3 - 2*j**3 - j**2 + 3*j**2 + 6. Let p = 24 + -31. Calculate the remainder when 15 is divided by z(p).
3
Suppose -2*v + 395*c + 14 = 393*c, -5*c + 25 = v. Suppose 0 = -0*x - x + 16. Calculate the remainder when x is divided by v.
6
Suppose 3*w - 8*g - 111 = -11*g, -72 = -2*w - 4*g. Suppose -20 = -5*v, -n + 3*v + 28 = 3*n. Calculate the remainder when w is divided by n.
8
Calculate the remainder when 716 is divided by ((-1)/(-4))/((-72)/(-50976)).
8
Suppose 3*i = -9 + 18. Let o = -120 - -117. What is the remainder when 107 is divided by o - (i + -6 - 37)?
33
Suppose 0 = 4*y - 60 - 204. Let n = -37 + y. Let o(v) = -3*v**3 - 5*v**2 + 2009*v + 8036. Calculate the remainder when o(-4) is divided by n.
25
Calculate the remainder when (-141)/705 + 572/10 is divided by 1 + -1*2 + (-66)/(-6).
7
Let o = -232 - -234. Suppose -169 + 53 = -o*s + 3*x, 56 = s - x. Calculate the remainder when 102 is divided by s.
50
Let o = 185 + -146. Suppose -18 = y - o. Calculate the remainder when 60 is divided by y.
18
Let q(n) = n**3 + 8*n**2 + 7. Let p be q(-8). Suppose p*b - 4*b = 24. What is the remainder when (-468)/(-21) + (-36)/126 is divided by b?
6
Suppose -5*l - 11 = -3*q, l - 4*q + 7 = 2*l. What is the remainder when ((-147)/14)/(21/(-12) - l) is divided by 8?
6
Suppose 194 = 583*s - 555*s - 86. Calculate the remainder when 208 is divided by s.
8
Suppose b = 2*r + 74 + 19, b + 5*r = 128. Calculate the remainder when b is divided by 2/((3/(-159))/(3/(-6))).
50
Let t(u) = 130*u - 6. Let m be t(2). Suppose 3*d + n + n = m, 2*n - 90 = -d. Calculate the remainder when d is divided by 15/15 - (-17 + 1).
14
Suppose 0 = -6*s - 22 + 352. Suppose 51*g - s*g = -1148. What is the remainder when g is divided by 12?
11
Suppose -38 = 4*f - 74. Suppose 0 = f*p + p - 4610. Calculate the remainder when p is divided by 7.
6
Suppose j - 5*x = 2814, 4*j - 6953 = 2*x + 4195. What